9?
False
Is 4059664 a multiple of 268?
True
Is 32 a factor of 923305?
False
Is 26 a factor of 5233202?
True
Is 112316 a multiple of 31?
False
Does 12 divide 200412?
True
Is 431 a factor of 109905?
True
Is 15 a factor of 2505?
True
Does 71 divide 107566?
False
Is 87 a factor of 276909?
False
Is 126 a factor of 7539960?
False
Does 26 divide 608712?
True
Is 1852108 a multiple of 19?
False
Does 68 divide 152681?
False
Is 1202 a factor of 1546556?
False
Is 773091 a multiple of 171?
True
Does 242 divide 10313314?
True
Is 442 a factor of 5480358?
True
Is 16 a factor of 355262?
False
Does 10 divide 130823?
False
Is 46250 a multiple of 37?
True
Does 231 divide 22869?
True
Is 139605 a multiple of 129?
False
Is 151 a factor of 10803899?
True
Is 60 a factor of 271080?
True
Is 1853 a factor of 12976559?
True
Is 14 a factor of 247996?
True
Does 13 divide 231922?
False
Is 84 a factor of 48280?
False
Is 1170278 a multiple of 314?
True
Is 18 a factor of 380727?
False
Is 627465 a multiple of 60?
False
Does 11 divide 43857?
True
Does 204 divide 1147908?
True
Does 65 divide 187980?
True
Is 107514 a multiple of 99?
True
Is 413 a factor of 485067?
False
Is 75 a factor of 406875?
True
Does 200 divide 4882284?
False
Is 62 a factor of 53875?
False
Does 128 divide 1280?
True
Is 247872 a multiple of 426?
False
Does 10 divide 99098?
False
Does 58 divide 440626?
True
Is 43540 a multiple of 39?
False
Is 17 a factor of 22321?
True
Is 1053228 a multiple of 14?
False
Is 11590362 a multiple of 357?
True
Is 19 a factor of 17860?
True
Does 8 divide 12048?
True
Does 273 divide 1169259?
True
Is 5 a factor of 866760?
True
Is 4590715 a multiple of 20?
False
Is 1778910 a multiple of 645?
True
Is 14 a factor of 4359586?
True
Is 5 a factor of 163666?
False
Is 5957 a multiple of 37?
True
Is 185787 a multiple of 11?
False
Is 164 a factor of 1113246?
False
Is 23 a factor of 140277?
True
Is 349904 a multiple of 25?
False
Is 2543541 a multiple of 49?
True
Does 177 divide 108686?
False
Does 195 divide 582627?
False
Is 4366006 a multiple of 67?
False
Does 16 divide 131588?
False
Is 5083420 a multiple of 28?
False
Is 155 a factor of 3317310?
True
Is 3069956 a multiple of 309?
False
Does 90 divide 4858650?
True
Is 98571 a multiple of 155?
False
Does 78 divide 109660?
False
Does 781 divide 444389?
True
Does 51 divide 993378?
True
Is 1812580 a multiple of 14?
True
Is 651248 a multiple of 8?
True
Is 163203 a multiple of 12?
False
Is 34 a factor of 337430?
False
Is 28 a factor of 2210264?
True
Is 21 a factor of 45161?
False
Is 369171 a multiple of 113?
True
Does 4 divide 4837?
False
Is 31 a factor of 210784?
False
Is 199417 a multiple of 30?
False
Does 65 divide 342001?
False
Does 17 divide 7643231?
False
Does 60 divide 8923426?
False
Is 4 a factor of 1102399?
False
Does 314 divide 1561522?
True
Is 391 a factor of 6521880?
True
Is 832048 a multiple of 17?
True
Is 29930 a multiple of 6?
False
Is 262310 a multiple of 34?
True
Is 3401737 a multiple of 46?
False
Does 245 divide 127418?
False
Is 611286 a multiple of 212?
False
Is 85 a factor of 15230385?
True
Is 827135 a multiple of 185?
True
Is 174 a factor of 260215?
False
Does 393 divide 1219872?
True
Is 21248 a multiple of 44?
False
Does 2 divide 44378?
True
Is 317249 a multiple of 228?
False
Does 192 divide 278727?
False
Does 27 divide 88130?
False
Does 226 divide 704442?
True
Is 11 a factor of 623813?
False
Is 330026 a multiple of 74?
False
Is 4 a factor of 736512?
True
Is 50 a factor of 62237?
False
Is 12 a factor of 23400?
True
Is 494169 a multiple of 65?
False
Does 197 divide 195598?
False
Is 105979 a multiple of 386?
False
Does 39 divide 23527?
False
Does 7 divide 23282?
True
Is 236878 a multiple of 99?
False
Does 2 divide 657870?
True
Does 3 divide 565278?
True
Does 57 divide 32913?
False
Does 161 divide 92092?
True
Is 78781 a multiple of 6?
False
Does 41 divide 29445011?
True
Is 205065 a multiple of 651?
True
Does 115 divide 9399303?
False
Is 1240230 a multiple of 27?
False
Is 494361 a multiple of 133?
True
Is 2251920 a multiple of 5?
True
Is 10 a factor of 2671640?
True
Does 65 divide 764026?
False
Is 105625 even?
False
Does 1526 divide 15437423?
False
Is 98852 a multiple of 19?
False
Is 855878 a multiple of 51?
False
Is 11 a factor of 1618045?
True
Does 15 divide 403456?
False
Does 13 divide 2250612?
True
Does 14 divide 627852?
False
Is 42 a factor of 311602?
False
Does 25 divide 265825?
True
Does 113 divide 50963?
True
Is 35 a factor of 192504?
False
Is 72 a factor of 127152?
True
Is 1121046 a multiple of 200?
False
Is 3485935 a multiple of 5?
True
Is 9 a factor of 218259?
True
Is 232 a factor of 170520?
True
Does 50 divide 26789778?
False
Is 14 a factor of 3161872?
True
Is 152755 a multiple of 81?
False
Is 122 a factor of 9137190?
True
Is 90 a factor of 364050?
True
Is 8989736 a multiple of 952?
True
Is 11 a factor of 1719674?
True
Is 19 a factor of 11572186?
False
Is 697395 a multiple of 3?
True
Does 20 divide 1275680?
True
Is 1001940 a multiple of 20?
True
Is 95389 a multiple of 157?
False
Does 1330 divide 22342670?
True
Is 1706868 a multiple of 18?
True
Does 61 divide 451766?
True
Is 90143 a multiple of 34?
False
Does 160 divide 2319200?
True
Is 76 a factor of 22648?
True
Is 226812 a multiple of 30?
False
Is 34 a factor of 3167168?
True
Is 2 a factor of 228500?
True
Is 25 a factor of 6977775?
True
Is 229215 a multiple of 37?
True
Is 442 a factor of 3214010?
False
Is 22 a factor of 1434464?
False
Does 34 divide 72012?
True
Is 52 a factor of 98808?
False
Is 1251033 a multiple of 861?
True
Is 4965015 a multiple of 616?
False
Is 107 a factor of 9372108?
False
Does 22 divide 189838?
True
Does 46 divide 16008?
True
Is 7 a factor of 1427972?
True
Does 15 divide 149567?
False
Does 1203 divide 20550849?
True
Is 5630328 a multiple of 72?
True
Does 79 divide 69776?
False
Is 7 a factor of 152348?
True
Does 343 divide 127253?
True
Is 2428272 a multiple of 264?
True
Is 112 a factor of 24787245?
False
Is 5271291 a multiple of 27?
True
Is 5616432 a multiple of 27?
True
Does 26 divide 11610144?
True
Is 8 a factor of 2168528?
True
Does 225 divide 86400?
True
Is 113248 a multiple of 32?
True
Is 746460 a multiple of 45?
True
Is 3067550 a multiple of 95?
True
Is 11 a factor of 277840?
False
Is 32412 a multiple of 12?
True
Does 7 divide 55332?
False
Does 233 divide 746490?
False
Does 24 divide 289464?
True
Is 481 a factor of 724867?
True
Is 2335949 a multiple of 208?
False
Is 663 a factor of 240077?
False
Is 146553 a multiple of 33?
True
Is 76689 a multiple of 3?
True
Does 23 divide 401764?
True
Does 13 divide 303121?
True
Is 18 a factor of 1023883?
False
Is 791593 a multiple of 197?
False
Is 2004904 a multiple of 88?
True
Is 279 a factor of 1950489?
True
Is 13 a factor of 24829?
False
Does 330 divide 146250?
False
Does 28 divide 3719605?
False
Does 19 divide 6061?
True
Does 25 divide 111047?
False
Is 210 a factor of 84210?
True
Is 90552 a multiple of 18?
False
Does 3 divide 421644?
True
Does 649 divide 632775?
True
Is 43827 a multiple of 21?
True
Does 22 divide 965664?
False
Is 2 a factor of 3016?
True
Does 35 divide 846408?
False
Does 847 divide 2364636?
False
Does 141 divide 798342?
True
Does 95 divide 20817160?
True
Is 65100 a multiple of 140?
True
Is 338450 even?
True
Does 47 divide 305583?
False
Is 235 a factor of 2051080?
True
Is 1691704 a multiple of 68?
True
Is 5422336 a multiple of 64?
True
Is 10569954 a multiple of 519?
True
Does 17 divide 491763?
False
Is 153 a factor of 131571?
False
Is 214308 a multiple of 140?
False
Does 763 divide 8349439?
False
Is 66492 a multiple of 6?
True
Does 10 divide 476326?
False
Is 75 a factor of 1764967?
False
Is 68198 a multiple of 13?
True
Is 9 a factor of 7863252?
False
Is 71767 a multiple of 274?
False
Is 12 a factor of 591907?
False
Does 85 divide 210193?
False
Is 994 a factor of 5949181?
False
Is 923643 a multiple of 119?
False
Is 45082 a multiple of 33?
False
Is 28 a factor of 3617527?
False
Is 3700346 a multiple of 3?
False
Is 106704 a multiple of 76?
True
Is 6455 even?
False
Is 4430621 a multiple of 153?
False
Is 10 a factor of 6442?
False
Is 607851 a multiple of 1269?
True
Does 3 divide 64989?
True
Does 251 divide 172186?
True
Is 56772 a multiple of 249?
True
Is 114 a factor of 53705?
False
Does 326